 what is -29 - 553b?
-5568
In base 7, what is -4 - 63644?
-63651
In base 12, what is -562993 - -3?
-562990
In base 5, what is 10 - -134244?
134304
In base 15, what is a493 + -2?
a491
In base 5, what is -411204 - -42?
-411112
In base 10, what is 15707 + -7?
15700
In base 10, what is -759203 - 0?
-759203
In base 8, what is -151 + 522?
351
In base 10, what is 4 - -162769?
162773
In base 3, what is 1021010 - -10102011?
11200021
In base 6, what is 22551 - -2441?
25432
In base 4, what is 300132 + -11?
300121
In base 10, what is -9 - -45375?
45366
In base 7, what is -26 + -1343512?
-1343541
In base 14, what is b + 28da?
2907
In base 9, what is -234 - 182?
-426
In base 15, what is -202 + -7c?
-27e
In base 7, what is -4002200 + -2?
-4002202
In base 9, what is -180 - 2774?
-3064
In base 13, what is 2 - -54842?
54844
In base 5, what is -1020424 + 4?
-1020420
In base 16, what is 16 + 65a?
670
In base 4, what is 301211333 - -33?
301212032
In base 8, what is -6 + 34765?
34757
In base 14, what is -ab + 140?
73
In base 12, what is 26a0 + -33?
2669
In base 4, what is 13101023 - -2111?
13103200
In base 15, what is -6e2 + 154?
-58d
In base 10, what is 1 - -848651?
848652
In base 11, what is 20970 - -3?
20973
In base 6, what is -21345 - -435?
-20510
In base 15, what is -220 + 0?
-220
In base 3, what is -12100111111 - 12?
-12100111200
In base 2, what is 1101010010100 + -10011?
1101010000001
In base 15, what is d2 + -dd?
-b
In base 2, what is -10010110001111001 - 11010?
-10010110010010011
In base 12, what is 1b282 + 1?
1b283
In base 11, what is 1431 + -225?
1207
In base 7, what is -20123136 - 0?
-20123136
In base 8, what is 4 - -26732?
26736
In base 6, what is -113 + -141131?
-141244
In base 15, what is -d + 4c49?
4c3b
In base 4, what is 23320 + 111?
30031
In base 4, what is -233 + -12313?
-13212
In base 7, what is -2012 - 326?
-2341
In base 8, what is -1215045 - -2?
-1215043
In base 4, what is 11101100 - 11?
11101023
In base 10, what is -177 - 2566?
-2743
In base 12, what is b - 5467?
-5458
In base 11, what is -1812 - 5?
-1817
In base 7, what is -133011 + -65?
-133106
In base 5, what is 220 - -11?
231
In base 14, what is c906 - 6?
c900
In base 9, what is -1143 - 4268?
-5422
In base 16, what is -25 - 14c?
-171
In base 8, what is 415 + 23214?
23631
In base 15, what is -6928 - 21?
-6949
In base 3, what is -121011 - 110201?
-1001212
In base 3, what is 12220 - 2121110?
-2101120
In base 14, what is 63 - -361?
3c4
In base 16, what is d61 - -c?
d6d
In base 8, what is 4703 - -3?
4706
In base 11, what is -1 - -10658?
10657
In base 14, what is 78 - 5999?
-5921
In base 12, what is -52723 - 14?
-52737
In base 13, what is -4 + 2964?
2960
In base 14, what is -21b0ac + -4?
-21b0b2
In base 9, what is 0 + 1383122?
1383122
In base 5, what is 420 + -211?
204
In base 6, what is 0 + 1412212?
1412212
In base 2, what is -1101110 - -1010010?
-11100
In base 10, what is -2080 + -6?
-2086
In base 8, what is -2 - -650551?
650547
In base 15, what is -274 - -16?
-25d
In base 3, what is 12212122200 - -2?
12212122202
In base 12, what is -15a25 + -a?
-15a33
In base 10, what is 6003 - 6?
5997
In base 5, what is -21040 + 101?
-20434
In base 13, what is 1 + b217?
b218
In base 4, what is -302201 - -20?
-302121
In base 3, what is -102221 - -1002120?
122122
In base 10, what is -13 + -627?
-640
In base 3, what is -21011 - 222210202?
-1000001220
In base 12, what is 4a + -3aa?
-360
In base 3, what is -12112 + -11221012?
-12010201
In base 13, what is 8a6 + 21c?
ac5
In base 10, what is 16767 - -5?
16772
In base 7, what is -4662 - -1061?
-3601
In base 8, what is 130043 + -1?
130042
In base 8, what is 0 + -35717?
-35717
In base 14, what is 5 + 30066?
3006b
In base 10, what is -5241 + -26?
-5267
In base 5, what is -1020 + 1214141?
1213121
In base 2, what is 11001000101000000000 + 100?
11001000101000000100
In base 13, what is 5607a + -3?
56077
In base 13, what is -a99 + 94?
-a05
In base 6, what is 3 - 13303001?
-13302554
In base 8, what is -10 + 23175?
23165
In base 2, what is 11010000011111 - 1111?
11010000010000
In base 13, what is 45 - a?
38
In base 8, what is -63563 - -7?
-63554
In base 4, what is -1 + 2302110002?
2302110001
In base 14, what is 9 + -b62?
-b57
In base 9, what is 5000 - -133?
5133
In base 12, what is b6 - -691?
787
In base 15, what is -115 - -206?
e1
In base 13, what is 825 - 43?
7b2
In base 6, what is -1451 + -34414?
-40305
In base 4, what is 10001131 - -103?
10001300
In base 14, what is 1574a - 3?
15747
In base 9, what is -171 - -3788?
3617
In base 3, what is 12100012 - 210121?
11112121
In base 11, what is 4 - 482aa?
-482a6
In base 8, what is 104 - 107477?
-107373
In base 4, what is 11 + -30303000?
-30302323
In base 3, what is -21222 - 1120200?
-1212122
In base 8, what is -3 - 205436?
-205441
In base 16, what is -4 + -4fb9?
-4fbd
In base 7, what is -3564 + -31?
-3625
In base 2, what is -10000 + -10100010011100?
-10100010101100
In base 9, what is -21 + -55428?
-55450
In base 16, what is -17a - b4?
-22e
In base 10, what is 58746 - 4?
58742
In base 2, what is 1010000110 - -110000100010?
111010101000
In base 2, what is 10010100001 + -10001001101?
1010100
In base 14, what is -73ab05 + 1?
-73ab04
In base 6, what is 200414004 + -1?
200414003
In base 9, what is 1741 - 11?
1730
In base 3, what is 110000 - -10020202?
10200202
In base 16, what is 26 + -b088?
-b062
In base 6, what is 2 + 2231?
2233
In base 12, what is -2b + -388ba?
-38929
In base 12, what is 5 + 61244?
61249
In base 16, what is 7190 + 3?
7193
In base 6, what is 24413550 + -2?
24413544
In base 12, what is 125 + -1269?
-1144
In base 4, what is -10133033 - -1?
-10133032
In base 3, what is -2 - 101101122?
-101101201
In base 7, what is -2 - -3413041?
3413036
In base 14, what is -113 - 15?
-128
In base 7, what is -665322 + -2?
-665324
In base 5, what is 11 - -23043022?
23043033
In base 13, what is -a91 + -141?
-c02
In base 16, what is -b0 + 8?
-a8
In base 14, what is 14c - -14?
162
In base 15, what is 45a - 87?
3c3
In base 14, what is 113d - 0?
113d
In base 15, what is -9 - -d0e?
d05
In base 14, what is 0 + -706?
-706
In base 7, what is 214236 + -3?
214233
In base 8, what is -1 - -72226?
72225
In base 5, what is -4420220 + 2?
-4420213
In base 13, what is -21 + -ca3?
-cc4
In base 3, what is -22020000210 - -1?
-22020000202
In base 3, what is -10 - -21022020002?
21022012222
In base 12, what is 28424 - 7?
28419
In base 9, what is 11 - 33121?
-33110
In base 13, what is 2b - -26b1?
270c
In base 15, what is 1 + 197e3?
197e4
In base 11, what is 14588 - 9?
1457a
In base 15, what is -1 - bc7b?
-bc7c
In base 11, what is 2164 + 172?
2326
In base 9, what is 362 - 21?
341
In base 14, what is -753c9 - 4?
-753cd
In base 13, what is 6344b3 + -1?
6344b2
In base 10, what is 3 - -19521?
19524
In base 4, what is 312300 + -201?
312033
In base 9, what is 2200 + 2420?
4620
In base 8, what is 5 + 225567?
225574
In base 6, what is -3 + -114212?
-114215
In base 11, what is -a763 - -5?
-a759
In base 13, what is 9 - -39?
45
In base 7, what is 10010 - 5?
10002
In base 7, what is 3 - 341225?
-341222
In base 3, what is -20200110 - 11?
-20200121
In base 11, what is -a79 + 45?
-a34
In base 2, what is 1010010001101101110 + 0?
1010010001101101110
In base 3, what is -20021 + 21222?
1201
In base 5, what is -344 + 1032104?
1031210
In base 10, what is 3 - 319939?
-319936
In base 10, what is -1007355 + 5?
-1007350
In base 4, what is -2 - -120013300?
120013232
In base 15, what is 1142 - -9?
114b
In base 11, what is -68672 - 7?
-68679
In base 9, what is -16324 + 0?
-16324
In base 10, what is -3690 - 48?
-3738
In base 12, what is b0a + -169?
961
In base 14, what is -283ba4 - -5?
-283b9d
In base 13, what is bc - -484?
573
In base 9, what is -25131 + 13?
-25117
In base 5, what is -141332 - 200?
-142032
In base 15, what is -3 + -3e074?
-3e077
In base 16, what is -16 - -461c?
4606
In base 16, what is -1b - -5e6?
5cb
In base 11, what is -1 - -4a8a32?
4a8a31
In base 10, what is 1535004 + -5?
1534999
In base 13, what is 12 + -76?
-64
In base 3, what is -12010220 + 20202?
-11220011
In base 15, what is 5 + -31c96?
-31c91
In base 5, what is -2343 + -1020?
-3413
In base 4, what is 11 - 101012?
-101001
In base 12, what is a57a - -6?
a584
In base 11, what is -212 - 197?
-3a9
In base 2, what is